). Suppose 5*z = 4*z - 2. What are the prime factors of (4/3)/(z/r)?
2
Suppose a + 184 = 2*z, -5*z + 6*a = 2*a - 463. List the prime factors of z.
7, 13
Let j be (3/(-2))/((-6)/8). Suppose 4*d = -2*o + 97 + 43, 0 = 3*o + 6. Suppose 5*h = -j*v + 19, -5*v + 22 = 2*h - d. List the prime factors of v.
2, 3
Let u = 65 - 29. What are the prime factors of u?
2, 3
Let l = 0 + 2. Suppose 0*c = c + l. What are the prime factors of 2/(-4)*7*c?
7
Let h(i) = i**2 - 5*i + 2. Let q be h(15). Suppose 4*s = 4*v + q, 3*s - s - 5*v = 64. List the prime factors of s.
2, 3, 7
Suppose -4*a - 9 = r, r + 3*a + 6 = -0*r. Suppose 0 = r*f - 2*f - 8. List the prime factors of f.
2
Let j = -3 - -5. Suppose -j + 27 = 5*y. What are the prime factors of y?
5
Let y = 7 + -4. Suppose -68 = -h - y*h. What are the prime factors of h?
17
Suppose 86 = 2*g - 82. List the prime factors of g.
2, 3, 7
Let l(r) = 2*r + 11. Let x be l(0). Let f = -3 + x. What are the prime factors of f?
2
Suppose 4*i + 4*h + 27 = 123, -5*i = 4*h - 125. Suppose -3*u - 5*a + 115 = 0, 3*u - 4*a - i = 68. What are the prime factors of u?
5, 7
Suppose -975 = -53*v + 48*v. What are the prime factors of v?
3, 5, 13
Let a(w) = w**2 - 5*w + 3. Let r be a(4). What are the prime factors of r/4 + (-324)/(-16)?
2, 5
Let q = 50 - -10. Suppose 7*w - q = 3*w. What are the prime factors of w?
3, 5
Let g(f) = 14*f**2 - 6*f. List the prime factors of g(3).
2, 3
Suppose 2*z = -2*f - 15 + 75, -10 = -z + 3*f. Suppose v = 2*v - 2*q - 1, v + 4*q = z. List the prime factors of v.
3
Let y(l) = -l**3 - 3*l**2 + 7*l + 5. Let u be ((-4)/(-3))/((-1)/3). Let v be y(u). List the prime factors of 0 + -1*(-2 + v).
3
Suppose 3*z + 9 = 3*g, 4*g + 5*z - 7 = -22. Suppose 4*j + g*j = 52. Suppose -23 - j = -4*b. List the prime factors of b.
3
Let t(i) = i**2 + 22*i + 56. List the prime factors of t(-27).
191
Suppose -3*l - 15 = -69. What are the prime factors of l?
2, 3
Let v be 3 + 3/((-3)/8). Let h(u) = -u**2 - 5*u + 5. Let f be h(v). Let k = 15 - f. What are the prime factors of k?
2, 5
Let r be (-3 - 8/(-3))*3. Let j = 6 + r. Suppose 0*v = -j*v - 25, -v = -2*i + 41. List the prime factors of i.
2, 3
Let z = -36 - -84. Suppose -4*t + 4*s = -z, -4*t = -2*s - 60 + 16. List the prime factors of t.
2, 5
Suppose c = -0*c + 2. Suppose 0*n + 2*h - 1 = -n, -c*h - 4 = 0. List the prime factors of n.
5
Let m(p) be the third derivative of -p**4/24 - p**3/3 + p**2. Let o be m(-2). Let d = 16 + o. What are the prime factors of d?
2
Let m(p) = 8*p**2 + p + 7. What are the prime factors of m(6)?
7, 43
Suppose 3*v = 6 - 0. Let s(x) = -x**2 + 2. Let o be s(v). What are the prime factors of (-14)/o - (5 - 3)?
5
Let m(v) = 112*v + 10. What are the prime factors of m(2)?
2, 3, 13
Let b(m) = m**2 - m - 4. Suppose k - 29 = 5*a, 5*k + 0*a - 15 = -a. Let p be b(k). Suppose 0*d = -d + p. What are the prime factors of d?
2
Let g = -15 + 39. What are the prime factors of g?
2, 3
Let a(g) = -g**2 - 5*g + 3. Let f be a(-5). Suppose 4*o + o - 21 = f*u, -3 = -3*o + 5*u. List the prime factors of o.
2, 3
Let i(b) = 1. Let z(u) = -u + 1. Let v be (-24)/15 + 2/(-5). Let m(s) = v*z(s) - i(s). List the prime factors of m(5).
7
What are the prime factors of (10/(28 - -2))/((-1)/(-159))?
53
Let s be ((-85)/3)/(-5)*3. Let a = s + -3. List the prime factors of a.
2, 7
Suppose 5*t - 135 = -j + 23, -727 = -5*j - 4*t. List the prime factors of j.
11, 13
Suppose -3*g - 3 = 3*j, 1 = j - 5*g - 4. Let h = 1 - -3. Suppose 0 = -5*y + h*d + 53, -4*y - d + 4*d + 42 = j. What are the prime factors of y?
3
Suppose 0*i - 4*i - 3*j + 3 = 0, -5*i - 3*j + 3 = 0. Suppose -4*y + 32 = s, i*s + 24 = 3*y - 4*s. What are the prime factors of 14/y - (-1)/4?
2
What are the prime factors of ((-352)/(-24))/((-4)/(-6))?
2, 11
Let z be 2/(-4) - (-69)/6. Suppose -z - 7 = 3*n. What are the prime factors of (-28)/n - 3/(-9)?
5
Suppose l + l - 140 = -4*j, -2*l = j - 125. Suppose -2*u + 4*b + l = 0, 0*u + 3*b - 126 = -3*u. What are the prime factors of u?
2, 19
Suppose -v + 125 = 4*v. Let r = -15 + v. What are the prime factors of r?
2, 5
Suppose -3*y = -0*y + 6. Let g be (4/(-7))/(y/7). Suppose g*v + 53 = 4*v - 3*r, -3*v + 67 = -2*r. What are the prime factors of v?
19
Let h(w) = 6*w. Let d be h(7). List the prime factors of (2/(-6))/((-2)/d).
7
Let c(z) = -19*z - 13. What are the prime factors of c(-8)?
139
Let x(h) = -h**2 - 7*h + 13. Let f be x(-8). Suppose -2*a + b + 97 = 2*b, -2*b - 229 = -f*a. List the prime factors of a.
47
Let u be -26 - (-3 + 1)/2. Let r(v) = -v**3 + 4*v**2 - 4*v + 1. Let a be r(3). List the prime factors of u/(-10)*(-8)/a.
2, 5
Suppose 137 = 8*w + 9. List the prime factors of w.
2
Suppose -153 = -5*h + 4*o - 30, 4*h + o = 90. List the prime factors of h.
23
Let q = -8 - -8. Suppose 0 = -q*x + 2*x - 14. List the prime factors of x.
7
Let k be ((-1 - -2) + 2)*1. Let m be (-3)/(k/7) - 1. Let q = m + 16. What are the prime factors of q?
2
Suppose 5*w = 5*p + 20, -w + 10 = -3*p - 0*w. Let o = p + 23. Suppose r + r - o = 0. What are the prime factors of r?
2, 5
Let t = -4 + 4. Suppose -2*a + 3*a + m + 1 = 0, t = 4*a - 3*m - 3. What are the prime factors of (0 - (-2)/1) + a?
2
Let m be 1/(-2) - 1/(-2). Let b(z) = z + 9. What are the prime factors of b(m)?
3
Suppose 3*l - 4 = l. Suppose 2*p - l - 4 = 0. Suppose -p*g + 4 = -5*h, -h + 5*h = 4*g - 8. List the prime factors of g.
3
Let y(w) = w**2 + 5*w - 3. Let f be y(-6). Suppose f*t - 7 = -1. Suppose -2*h = t*a - a, a - 6 = -5*h. List the prime factors of h.
2
Let c = 91 - 62. List the prime factors of c.
29
Suppose 391 = 2*i + 143. What are the prime factors of i?
2, 31
Let b(i) = i**3 - i**2 + i + 16. Let g be (-14)/(-21) + (-2)/3. What are the prime factors of b(g)?
2
List the prime factors of 1035/27 - 2/(-3).
3, 13
Let x = -4 + 6. Let g(w) = -1 + 3*w + 7*w - 2*w - 2. What are the prime factors of g(x)?
13
Suppose -2*r + 7*r = 330. What are the prime factors of r?
2, 3, 11
Let v(b) = -b**3 + 8*b**2 + 9*b + 9. Let j be v(9). Suppose -j = 2*z - 5*z. What are the prime factors of z?
3
List the prime factors of (-11)/(33/(-84)) + -1.
3
Let z = -131 + 309. List the prime factors of z.
2, 89
Let m(o) = o**3 - 9*o**2 + 10*o - 12. List the prime factors of m(8).
2
Suppose -2*p = 3*p - 15. Suppose 2*g - 7 = 3*t + 2*t, 5*t = -2*g - p. List the prime factors of -14*(1/2 - g).
7
Let w(u) = -6*u**2 + 2*u - 2. Let h be w(1). Let d = 7 - -7. Let i = d + h. What are the prime factors of i?
2
Let t(s) = -4*s**2 - 2*s + 3. Let o be t(2). Let d = o + 37. Suppose d = 3*w - 13. List the prime factors of w.
11
Let a(u) = 4*u**2. Let f be a(-1). Suppose -f*v + 127 = 39. Suppose -3*x - v = -5*x. List the prime factors of x.
11
Let i(m) be the second derivative of -m**5/20 + 3*m**4/4 - m**3/3 + m**2/2 + 3*m. List the prime factors of i(8).
7
Let r(i) = i**3 - 2*i**2 - 2*i. Let c be r(3). Let m = 3 + -1. Let g = c + m. List the prime factors of g.
5
Let n(f) = -f**2 - 12*f - 3. Let h(j) = -j**2 - 11*j - 2. Let y(c) = 5*h(c) - 4*n(c). Let t(w) = 5*w + 3. Let g be t(-2). List the prime factors of y(g).
2
List the prime factors of 898/22 - (-8)/44.
41
Let f = -3 - -9. Let o(q) = q**3 - 4*q**2 + 3*q - 2. Let p be o(3). Let d = f - p. What are the prime factors of d?
2
Suppose 9*v = 3*v + 60. List the prime factors of v.
2, 5
Let q = 32 - 13. List the prime factors of q.
19
Let b = 1 + 1. Suppose 0*f - b*f - 2*i = -46, -i - 40 = -2*f. List the prime factors of f.
3, 7
Let o(j) = -j**2 + 5*j + 8. Let p be o(6). Let b be (-4 - -1) + 0 + p. What are the prime factors of b*(-2)/3*12?
2
Let g = 64 + -41. What are the prime factors of g?
23
Let q = -34 - -22. Let y = -10 - q. What are the prime factors of y?
2
Let q(a) = a + 5. Let u be q(-5). Suppose p - 2*i + i = 8, u = -5*i. What are the prime factors of p?
2
Let w(u) = u**2 - 4*u - 8. Let y be w(6). Let j be (8 + -2)/(2/(-3)). What are the prime factors of ((-6)/y)/(j/24)?
2
Let r = -6 - -13. Let d = 6 - r. List the prime factors of (-7 - -2 - 2)/d.
7
Suppose 6*h = 7*h + 2*u - 6, -4 = -h - 4*u. List the prime factors of h.
2
Suppose 0 = 10*f - 13*f + 252. List the prime factors of f.
2, 3, 7
Let z(p) = -4*p - 26. List the prime factors of z(-17).
2, 3, 7
Let a(j) = j**3 + 3*j**2 - 4*j + 3. Let v be a(2). Suppose -2*q